ided by k.
27
Let l(x) = -2*x + 7. What is the remainder when 62/(12*9/54) is divided by l(-5)?
14
Suppose -3*f - 12 = 3. Let j = f + 21. Calculate the remainder when 45 is divided by j.
13
Suppose 2*b - 18 = -s + 19, 0 = -2*s + 3*b + 39. What is the remainder when 294 is divided by s?
24
Suppose -y + 836 = 3*t - 344, -4*t - 2*y + 1570 = 0. Calculate the remainder when (-1)/(-4) - (4 - t/20) is divided by 12.
4
Suppose 6 = -4*t - 2*f, t - 6 = -5*f - 30. Let a(b) = 3*b + 50. Let n be a(-16). What is the remainder when (n + t)/(4/28) is divided by 6?
3
Suppose q = f + 4*f + 91, -4*f - 240 = -3*q. Let g = q + -54. What is the remainder when g is divided by 8?
6
Suppose 6 = -4*z + 30. Let m = 2 - z. Calculate the remainder when m/30 + (-14938)/(-210) is divided by 24.
23
Let b(o) = -4*o - 75. Let z be (4 + -3)/((-2)/(-358)). Suppose 3*t - z + 29 = 0. Calculate the remainder when t is divided by b(-22).
11
Let l(c) = c**3 + 18*c**2 - 79*c - 4. What is the remainder when l(4) is divided by 18?
14
Let a = -86 + 110. Suppose -f + a = h, 4*h - 32 - 54 = -2*f. Calculate the remainder when 129 is divided by h.
15
Suppose 6 = -5*w + 8*w. Suppose 2*s + 5*g + 1 = 0, 2*s + w*g = s + 2. Calculate the remainder when s is divided by 7.
5
Let c = -10666 + 10689. Let x(n) = 6*n + 1. Let a be (-6)/(-21) + 24/14. Calculate the remainder when c is divided by x(a).
10
What is the remainder when 60 is divided by 13 + 3 + -5 + 7?
6
Let b(k) = k**3 + 10*k**2 - 9*k + 45. What is the remainder when 3/(-6) - (-181)/2 is divided by b(-11)?
21
Let p be ((-9)/(-6))/(2/4). Suppose -p*f - 187 + 593 = 5*s, 0 = -5*f + 2*s + 687. What is the remainder when f is divided by 35?
32
Let f(h) = -6*h - 6. Let d be f(-7). Suppose 105 = -0*g + 3*g. What is the remainder when g is divided by d/16*64/12?
11
Let k(m) = m**2 + 8*m + 36. Calculate the remainder when 102 is divided by k(-5).
18
Let g be (0 - 4)*(-12 + 11). Suppose -g*f = -0*f - 12. What is the remainder when f/18 - (-1460)/24 is divided by 21?
19
Suppose 50 + 14 = 4*d. Suppose -2*x + d = 2*x. Suppose -211 = -4*n + 5*k, n = -x*k + 5*k + 52. What is the remainder when n is divided by 17?
15
Suppose -2*q - 6 = 0, 0*o + 3*o - 24 = 4*q. Suppose o*f = -x + 20, 2*f - 14 - 6 = -3*x. What is the remainder when 198/4 + x/8 is divided by 17?
16
What is the remainder when 9 + 12/(-3) - -34 is divided by 26?
13
Let b(r) = r**3 + 7*r**2 + 7*r + 13. Let q be b(-7). Let c = q + 80. What is the remainder when c is divided by 31?
13
Let n be (-4 - -2)*(0 - -2). Let w be (49/1 - 3) + n. Suppose 8*c - 5*t - 38 = 5*c, -5*c + w = -3*t. What is the remainder when 28 is divided by c?
4
Let a = -507 + 536. What is the remainder when 139 is divided by a?
23
What is the remainder when 162 is divided by (96/(-10) - -10)/(1/65)?
6
Let w = 983 - 981. Let u(m) = m**3 + 7*m**2 - 9*m - 10. Let r be u(-8). Let b = r + 3. Calculate the remainder when w is divided by b.
0
Suppose -34 = -3*q + 29. Let c = 9 - q. Let a = c + 26. What is the remainder when 55 is divided by a?
13
Let q = -44 - -63. Let w(l) = l**3 - l**2 - 4. Let f be w(0). Calculate the remainder when q is divided by (-93)/(-13) + f/26.
5
Suppose -23*z = -21*z - 188. What is the remainder when z is divided by 49?
45
Let w(t) = -27*t - 98. What is the remainder when 207 is divided by w(-5)?
22
Suppose f = 4*f - 225. What is the remainder when 214 is divided by f?
64
Let s = -28 + 35. Suppose y - s = 4. Calculate the remainder when 52 is divided by y.
8
Let i(c) = 3*c**2 + 6*c + 34. Suppose -48*d + 52*d = -28. Calculate the remainder when i(d) is divided by 36.
31
Suppose 40*c = 5*p + 36*c - 234, -p - 3*c = -43. What is the remainder when p is divided by 25?
21
Let t = 387 - 234. What is the remainder when t is divided by (-21)/(-63) - (-77)/3*1?
23
Suppose -6*j + 3*c = -2*j - 66, -4*j + 68 = -2*c. Let x be -4*(-3)/(-3) - -2. What is the remainder when x/3 + 104/3 is divided by j?
16
Suppose -10*b + 61 - 11 = 0. Calculate the remainder when b is divided by 180/42 - (-2 + 48/21).
1
Let d(g) = -2 + 0*g - 12*g - 3. Let l be (-2)/(-6)*-11 - (-6)/(-18). What is the remainder when d(l) is divided by 15?
13
Suppose -7 = h - 31. Let g = 36 - h. Calculate the remainder when g is divided by 5.
2
Suppose -7 - 36 = -p. Suppose -p = -3*z - 31. Suppose z*o + 24 = 8*o. Calculate the remainder when o is divided by 2.
0
Suppose 2*g - g = 0. Let h(m) = m + 181. Let u be h(g). Suppose -3*x + 100 = -2*f - 9, 5*x - 3*f - u = 0. What is the remainder when x is divided by 9?
8
Let u = 44 - 163. Let o = -60 - u. What is the remainder when o is divided by 12?
11
Let r be (14/(-3) + 8/12)*-2. Let v(y) = y**2 - 5*y - 17. Calculate the remainder when 1 + 18 + (1 - 1) is divided by v(r).
5
Let x = 31 + -18. Let m = x - -7. What is the remainder when m is divided by 6?
2
Let k = 1923 - 1892. What is the remainder when k is divided by 3?
1
Let c = 35 + -34. Let h(x) = -x**2 - 9*x + 2. Let a be h(-6). Let l = a + -19. What is the remainder when l is divided by c?
0
Let d = 5 + 5. What is the remainder when 297 is divided by d?
7
Suppose 0*a - 2*a + 147 = 3*l, 5*a = -l + 387. Suppose -x + 2*q = -a - 35, -q = -2*x + 220. What is the remainder when x is divided by (-616)/(-12)*201/469?
21
Suppose 0 = -4*a + 20, 5*f - 47 = f - 3*a. What is the remainder when f is divided by 5?
3
Calculate the remainder when 2 + 111 - (-32 + 30) is divided by 24.
19
What is the remainder when 86 + ((-12)/(-4) - 4) is divided by 8?
5
Let b be -2 + (1 - (-4 + 2)). Let t(p) = 16*p**2 + p. Let s be t(b). Suppose s = 4*u - 35. What is the remainder when u is divided by 8?
5
Let x(c) be the third derivative of c**6/60 - c**5/20 - c**4/4 + c**3 - 10*c**2. What is the remainder when 58 is divided by x(3)?
13
Let g be (-3)/(-5) - 4/(-10). Let k = 88 - 74. What is the remainder when k is divided by g/2*(-30)/(-3)?
4
Let n be 28 - 2/(-1 - -3). Let b(v) = v**3 + 5*v**2 - 4*v - 6. What is the remainder when b(-4) is divided by (-8)/36 + 195/n?
5
Let o(g) = -7*g + 3. Let w be o(2). Let s = 18 + w. Suppose s*n - 45 = 2*n. Calculate the remainder when 16 is divided by n.
7
Let t(r) = r**3 - 2*r**2 - r + 1. Let u be t(2). Let c = 2 - u. Suppose -5*q - y = -67, -5*q - c*y + y + 69 = 0. What is the remainder when q is divided by 5?
3
Suppose -42*r + 38*r = -3*b - 450, -5*r = 4*b - 578. What is the remainder when r is divided by 21?
9
Suppose -233 = -24*x + 343. Calculate the remainder when x is divided by 19.
5
Suppose 0 = -3*b - 4*x - 0 + 109, -197 = -5*b + x. What is the remainder when 186 is divided by b?
30
Suppose -21*q = 708 - 5685. Calculate the remainder when q is divided by 17.
16
Suppose 5*f + 13 = -7. Calculate the remainder when 43 is divided by (-66)/f + (-1 - 3/(-6)).
11
Suppose -4*j - 4*f + 8 = 0, 4*j + 2*f = 1 + 7. Suppose -83 = -u - j*b, 2*u + 0*u - b - 161 = 0. What is the remainder when u is divided by 25*15/25 - (-4)/2?
13
Let s(t) = -22*t + 448. Calculate the remainder when 940 is divided by s(20).
4
Let u = -260 - -377. What is the remainder when u is divided by 24?
21
Let l(a) = a**2 - 15*a - 14. Let k(z) = -1. Let r(h) = 3*k(h) - l(h). What is the remainder when 144 is divided by r(13)?
33
Suppose -t - 6 = -3*t. Suppose -t*y = -59 - 34. Calculate the remainder when y is divided by (-180)/(-162)*15 + 2/(-3).
15
Suppose -14*j + 72 + 12 = 0. Let p(b) = 6*b - 1. What is the remainder when p(2) is divided by j?
5
Let f = -907 - -3687. What is the remainder when f is divided by 27?
26
Let y = 48 + -25. Suppose -5*p + 62 + 503 = 0. Calculate the remainder when p is divided by y.
21
Let c be 43/9 - 4/(-18). Suppose 0 = -3*u + 18 - 9. Suppose u*y - 3*k = 30, 4*k - 18 = -c*y + k. What is the remainder when 9 is divided by y?
3
Let v(t) = -t**3 - 12*t**2 - 31*t - 41. Calculate the remainder when 894 is divided by v(-10).
66
Let h(v) = -11 + 0*v + v + 3*v - 2*v. Let o be h(7). What is the remainder when 1815/45 - 4/o is divided by 10?
9
Let l = 18 + 7. Suppose -170 = -b - 75. What is the remainder when b is divided by l?
20
What is the remainder when (-4983)/(-9) + 4/3 is divided by 93?
90
Suppose 3*v + 24 = 4*i, -4*v - 26 = -3*i - 1. Suppose 0 = u - 10 - 2. What is the remainder when u is divided by i?
0
Let m = 377 - 298. Calculate the remainder when m i